*p - 13768. Determine f(4).
168
Let c(f) = 9*f**2 + 404*f - 260. Determine c(-53).
3609
Let k(y) = -53788*y + 53783. Determine k(1).
-5
Let r(v) = -561*v + 668. What is r(-2)?
1790
Let y(m) = 11504*m**2 - 149552*m - 4. What is y(13)?
-4
Let s(r) = 13*r**3 + 219*r**2 - 94*r - 648. Give s(-17).
372
Let n(x) = x**3 - 139*x**2 - 551*x - 6. Calculate n(-4).
-90
Let y(f) = -1207*f - 204724. What is y(-170)?
466
Let c(t) = -2*t**2 - 345*t + 37757. Determine c(76).
-15
Let u(v) = v**2 - 72*v + 736. What is u(54)?
-236
Let y(q) = -10*q**2 - 212269*q - 1273259. What is y(-6)?
-5
Let l(h) = 175*h**2 + 6671*h - 53. Calculate l(-38).
-851
Let m(y) = -11272*y + 496017. Give m(44).
49
Let v(q) = 5599*q**2 + 33598*q - 16. Calculate v(-6).
-40
Let a(o) = 5483*o - 15132. Calculate a(3).
1317
Let q(c) = -3*c**3 + 674*c**2 - 426*c - 4849. Calculate q(224).
79
Let t(b) = 2*b**2 - 70*b - 3290. Give t(62).
58
Let z(t) = -1888*t + 20731. What is z(11)?
-37
Let j(f) = -2*f**2 - 100*f + 16400. Give j(-119).
-22
Let g(l) = -l**3 + 43*l**2 - 23*l - 690. Calculate g(42).
108
Let z(a) = 3*a**3 + 98*a**2 - 98*a - 1. What is z(1)?
2
Let w(z) = 23814*z - 47653. Calculate w(2).
-25
Let g(w) = w**3 - 68*w**2 - 142*w - 5029. Give g(71).
12
Let d(f) = -50467*f - 656065. Determine d(-13).
6
Let r(h) = 157*h**2 - 14599*h - 64. Determine r(93).
122
Let f(i) = 2*i**3 + 417*i**2 - 1436*i - 80387. What is f(-211)?
4
Let m(r) = -3*r**3 + 9*r**2 + 31*r + 44. Determine m(-4).
256
Let f(l) = 121*l - 250. Give f(5).
355
Let n(t) = 17*t**2 - 1387*t - 2783. What is n(-2)?
59
Let h(u) = -3270*u - 2256301. Calculate h(-690).
-1
Let t(r) = -r**3 - 32*r**2 - 25*r + 1048. What is t(-7)?
-2
Let y(j) = 22078*j - 441565. Determine y(20).
-5
Let z(a) = a**3 + 216*a**2 + 1223*a - 258. Calculate z(-6).
-36
Let n(u) = -3*u**2 + 384*u + 816. What is n(133)?
-1179
Let j(a) = 2*a**3 + 1392*a**2 - 1414*a - 13948. Calculate j(-697).
-8
Let r(u) = u**3 - 3*u**2 + 45*u - 830. Determine r(13).
1445
Let m(c) = -628*c - 11948. What is m(-19)?
-16
Let g(w) = -53*w**3 - 532*w**2 - 28*w - 42. What is g(-10)?
38
Let q(b) = -307096*b - 12283829. Determine q(-40).
11
Let j(f) = -f**2 + 2442*f - 12177. What is j(5)?
8
Let a(f) = -2*f**2 + 11013*f - 88166. What is a(8)?
-190
Let a(f) = 110878*f - 2439458. Determine a(22).
-142
Let z(k) = -6921*k - 20572. What is z(-3)?
191
Let b(a) = 271*a - 54183. Give b(199).
-254
Let z(d) = -3*d**3 + 61*d**2 - 83*d + 11. Give z(19).
-122
Let c(m) = -3022*m + 80787. Determine c(27).
-807
Let d(i) = -464*i**2 + 260856*i - 49464. Determine d(562).
-8
Let u(h) = -2509*h + 37634. Give u(15).
-1
Let x(a) = a**2 - 3643*a + 21859. Determine x(6).
37
Let z(x) = 44300*x - 40667395. Calculate z(918).
5
Let l(y) = -8*y**3 + 1128*y**2 - 7*y + 1122. What is l(141)?
135
Let t(r) = -64*r**2 - 35*r + 46. Give t(1).
-53
Let b(d) = 17*d**2 - 1425*d - 486. Calculate b(84).
-234
Let v(b) = b**3 - b**2 + 8141*b + 34. Give v(0).
34
Let h(i) = -334*i + 47367. Determine h(142).
-61
Let q(n) = 716*n - 145263. Calculate q(204).
801
Let c(z) = -27*z**3 - 305*z**2 + 608*z + 9. Determine c(2).
-211
Let r(s) = s**3 + 205*s**2 + 580*s - 5243. Calculate r(-202).
9
Let k(h) = 2*h**2 - 4014*h - 24130. Determine k(-6).
26
Let i(n) = 2*n**2 - 7116*n + 1763430. Give i(268).
-10
Let i(y) = -y**3 - 13*y**2 - 1209*y - 7203. Calculate i(-6).
-201
Let d(g) = 393*g + 13506. Calculate d(-34).
144
Let f(m) = 305*m - 4089. Determine f(12).
-429
Let n(g) = 1219*g - 8569. Determine n(4).
-3693
Let i(j) = -j**2 - 1768*j + 61272. What is i(34)?
4
Let j(m) = 166269*m - 2327767. Give j(14).
-1
Let b(n) = -2018*n + 40515. Determine b(20).
155
Let y(z) = -4*z**2 - 1522*z - 1513. Calculate y(-1).
5
Let z(w) = 53*w**3 - w**2 - 32. Give z(0).
-32
Let g(w) = -32*w**2 - 1467*w - 2802. Give g(-2).
4
Let g(i) = -3*i**2 + 40*i + 756. What is g(-23)?
-1751
Let b(t) = -89*t**2 + 32811*t + 65626. What is b(-2)?
-352
Let x(b) = -45*b**3 + 5490*b**2 - 25*b + 3115. Calculate x(122).
65
Let k(f) = -77128*f**2 + 1002668*f - 34. What is k(13)?
18
Let k(g) = 2366*g + 74455. Determine k(-31).
1109
Let m(x) = 7*x**3 - 9*x**2 - 4*x + 60. Determine m(-3).
-198
Let h(k) = 914*k + 20115. Give h(-22).
7
Let h(p) = 193*p - 106. Give h(11).
2017
Let v(b) = -1732*b + 98722. What is v(57)?
-2
Let w(y) = -y**2 + 3602*y - 7208. Determine w(2).
-8
Let l(t) = -t**3 - 80*t**2 + 13*t + 13089. Give l(-78).
-93
Let n(l) = 5*l**2 - 13090*l + 91391. Give n(7).
6
Let j(v) = 74*v**2 - 154*v + 451. Give j(3).
655
Let k(y) = 2*y**2 - 1911*y + 30041. Give k(16).
-23
Let l(h) = 18*h**2 + 1294*h + 902. Give l(-71).
-234
Let u(t) = -47*t**3 - 38*t**2 - 3*t - 6. Determine u(-1).
6
Let v(u) = -14*u**2 + 548*u - 5127. Give v(9).
-1329
Let h(k) = -k**2 - 790*k + 2136169. Calculate h(-1909).
-2
Let j(h) = 6*h**2 - 2036*h + 8032. Determine j(4).
-16
Let r(y) = -3*y**3 - 460*y**2 - 7425*y + 2. Calculate r(-135).
2
Let y(k) = -7*k**3 + 5*k**2 - 23*k - 117. What is y(-5)?
998
Let b(r) = 13362*r**2 + 106902*r + 44. Determine b(-8).
-4
Let o(d) = d**3 + 24*d**2 + 64*d - 269. Give o(-6).
-5
Let p(h) = -2030*h - 17195. Determine p(-9).
1075
Let j(c) = 27*c**2 - 756*c + 40. Give j(28).
40
Let y(s) = 12*s**2 + 12824*s - 77383. Calculate y(6).
-7
Let s(m) = -2173*m - 12469. Determine s(-7).
2742
Let l(y) = -6*y**2 + 3518*y + 95530. What is l(-26)?
6
Let i(a) = -a**3 - 96*a**2 + 608*a - 190. Calculate i(-102).
218
Let w(f) = 2088*f + 25548. Give w(-13).
-1596
Let t(q) = -5*q**3 + 185*q**2 - 213*q + 1194. Determine t(36).
6
Let l(b) = -257*b + 586. Give l(2).
72
Let p(s) = 2*s**3 - 9*s**2 - 58*s + 196. Give p(7).
35
Let m(t) = 8*t**2 + 110441*t - 110439. Give m(1).
10
Let f(a) = -14*a**2 - 2113*a + 62. Determine f(-151).
-89
Let r(k) = 11*k**2 + 280*k + 112. What is r(4)?
1408
Let u(b) = b**2 + 340*b + 8954. Determine u(-311).
-65
Let s(q) = -55*q + 7291. Calculate s(93).
2176
Let i(c) = -c**3 - 13*c**2 - 131315*c - 656370. What is i(-5)?
5
Let q(y) = -y**3 + 386*y**2 + 391*y - 298770. Calculate q(385).
-10
Let q(d) = -194*d + 1240. Calculate q(5).
270
Let z(m) = 3*m**3 - 3*m**2 - 249*m - 68. Calculate z(10).
142
Let k(j) = 56*j**3 + 463*j - 1386. What is k(3)?
1515
Let q(m) = 2318*m - 543. What is q(1)?
1775
Let i(d) = -444*d - 92502. What is i(-210)?
738
Let w(c) = c**2 - 727*c + 5643. Determine w(8).
-109
Let d(b) = -b**2 - 158*b - 4255. Give d(-124).
-39
Let h(f) = -2*f**3 - 70*f**2 + 5*f + 238. Determine h(-35).
63
Let h(l) = 5*l**2 + 177*l + 897. What is h(-37)?
1193
Let v(w) = w**3 + 6*w**2 - 361*w - 2056. Calculate v(-6).
110
Let r(p) = 189*p**2 - 2828*p - 114. What is r(15)?
-9
Let t(y) = -75*y - 12247. Calculate t(-159).
-322
Let g(h) = -h**3 - 17*h**2 + 70*h + 1225. Give g(9).
-251
Let h(n) = -782*n**2 + 186*n - 15. Calculate h(1).
-611
Let c(i) = 3*i**3 + 801*i**2 + 41*i + 10949. What is c(-267)?
2
Let w(x) = -2838*x - 278138. Give w(-98).
-14
Let h(n) = -2*n**3 - 401*n**2 - 454*n - 50826. Calculate h(-200).
-26
Let k(p) = p**2 + 3014*p + 81069. What is k(-27)?
420
Let n(r) = r**3 + 815*r**2 + 62053*r + 2198. Give n(-730).
8
Let d(t) = -12672*t - 240967. Determine d(-19).
-199
Let z(p) = 199*p**2 - 1780*p + 223. Give z(9).
322
Let w(g) = -2*g**3 + 49*g**2 + 423*g - 277. Calculate w(-7).
-151
Let i(f) = 1921*f - 127541. Calculate i(67).
1166
Let h(r) = r**2 - 48*r - 335. Give h(36).
-767
Let u(g) = -11068*g - 77473. Give u(-7).
3
Let h(a) = -12585*a - 100390. Determine h(-8).
290
Let k(g) = 1589*g - 5130. Determine k(3).
-363
Let c(o) = -2*o**3 + 72*o**2 + 151*o - 2919. What is c(37)?
-70
Let m(w) = 2929*w**2 + 111. Give m(0).
111
Let p(u) = 10*u**2 - 2537*u - 10016. Give p(-4).
292
Let u(c) = 66*c**2 + 138*c + 95. Calculate u(-6).
1643
Let y(d) = -35*d**3 - 1503*d**2 + 67*d - 761. Determine y(-43).
56
Let x(w) = -4087*w - 1565312. What is x(-383)?
9
Let y(z) = -z**3 + 56*z**2 - 308*z + 273. Calculate y(50).
-127
Let t(j) = -j**2 - 129482*j + 388435. Give t(3).
-20
Let s(q) = -2*q**3 + 175*q**2 - 3480*q + 185. Give s(57).
14
Let c(n) = -8*n**2 + 126*n - 1792. Determine c(14).
-1596
Let x(t) = 3*t**2 - 159*t + 780. What is x(5)?
60
Let n(i) = -i**3 + 7*i**2 + 63*i - 526. Determine n(16).
-1822
Let r(c) = 3*c**2 + 172*c + 877. Give r(-50).
-223
Let b(f) = -6075*f**2 - 24441*f + 11. Calcula